{"id":14104,"date":"2025-02-25T11:32:45","date_gmt":"2025-02-25T11:32:45","guid":{"rendered":"https:\/\/beykozlurizeliler.org\/?page_id=14104"},"modified":"2025-02-25T11:32:45","modified_gmt":"2025-02-25T11:32:45","slug":"tarihce","status":"publish","type":"page","link":"https:\/\/beykozlurizeliler.org\/?page_id=14104","title":{"rendered":"Tarih\u00e7e"},"content":{"rendered":"<p>[vc_row gap=&#8221;0&#8243; css=&#8221;.vc_custom_1532006514275{padding-top: 96px !important;}&#8221;][vc_column animation_delay=&#8221;0&#8243; offset=&#8221;vc_col-lg-6 vc_col-md-8 vc_col-xs-12&#8243;]<h3 id=\"et-animated-title-1\" class=\"et-animated-title et-clearfix  words-direct\" data-mobile-font=\"32px\" data-tablet-font=\"inherit\" data-delay=\"0\" style=\"font-size:48px;font-weight:700;line-height:56px;color:#212121;\"><span class=\"text-wrapper\"><span class=\"text\">Dernek Hakk\u0131nda<\/span><\/span><\/h3>[\/vc_column][vc_column animation_delay=&#8221;0&#8243; width=&#8221;1\/2&#8243; offset=&#8221;vc_hidden-lg vc_hidden-md vc_hidden-sm vc_hidden-xs&#8221;][\/vc_column][\/vc_row][vc_row gap=&#8221;80&#8243; css=&#8221;.vc_custom_1532006500755{padding-bottom: 72px !important;}&#8221;][vc_column animation_delay=&#8221;0&#8243;]<div class=\"et-simple-braket-block-wrapper\"><style>#et-simple-braket-block-1 .braket-text {font-size:24px;font-weight:400;line-height:32px;}#et-simple-braket-block-1 .braket > div  {background-color:#1f7e00;}<\/style><div id=\"et-simple-braket-block-1\" class=\"et-simple-braket-block \"><div class=\"braket\"><div><\/div><div><\/div><div><\/div><\/div><div class=\"braket-text\" data-mobile-font=\"inherit\" data-tablet-font=\"inherit\">Beykozlu Rizeliler Derne\u011fi, hem\u015fehri dayan\u0131\u015fmas\u0131n\u0131 g\u00fc\u00e7lendirmek, k\u00fclt\u00fcrel de\u011ferleri ya\u015fatmak ve toplum yarar\u0131na projeler ger\u00e7ekle\u015ftirmek amac\u0131yla kurulmu\u015f k\u00f6kl\u00fc bir sivil toplum kurulu\u015fudur. Rize k\u00fclt\u00fcr\u00fcn\u00fc Beykoz\u2019da ya\u015fatmak, hem\u015fehrilerimiz aras\u0131ndaki birlik ve beraberli\u011fi peki\u015ftirmek ve topluma faydal\u0131 \u00e7al\u0131\u015fmalar yapmak derne\u011fimizin temel misyonlar\u0131 aras\u0131ndad\u0131r.<\/div><\/div><\/div><div class=\"gap et-clearfix \" style=\"height:32px\"><\/div>[vc_column_text]<\/p>\n<h3 data-pm-slice=\"1 1 []\"><strong>Misyonumuz<\/strong><\/h3>\n<p>Beykoz\u2019da ya\u015fayan Rizelileri bir araya getirerek, sosyal, k\u00fclt\u00fcrel ve ekonomik dayan\u0131\u015fmay\u0131 art\u0131rmak; gelenek ve g\u00f6reneklerimizi ya\u015fatarak gelecek nesillere aktarmak. Bunun yan\u0131 s\u0131ra, e\u011fitim, sosyal yard\u0131mla\u015fma ve \u00e7evre bilinci gibi alanlarda projeler \u00fcreterek topluma katk\u0131 sunmak.<\/p>\n<h3><strong>Vizyonumuz<\/strong><\/h3>\n<p>Geleneksel de\u011ferlerimizi modern ya\u015famla birle\u015ftirerek, Beykoz\u2019daki Rizeliler ba\u015fta olmak \u00fczere toplumun t\u00fcm kesimlerine y\u00f6nelik kal\u0131c\u0131 ve s\u00fcrd\u00fcr\u00fclebilir faydalar sa\u011flamak. Hem\u015fehri bilincini g\u00fc\u00e7lendirerek dayan\u0131\u015fma ruhunu yayg\u0131nla\u015ft\u0131rmak ve sosyal sorumluluk projeleriyle \u00f6rnek bir dernek olmakt\u0131r.[\/vc_column_text][\/vc_column][\/vc_row]<\/p>\n","protected":false},"excerpt":{"rendered":"<p>Leverage agile frameworks to provide a robust synopsis for high level overviews. Iterative approaches to corporate strategy foster collaborative thinking to further the overall value proposition. Organically grow the holistic world view of disruptive innovation via workplace diversity and empowerment.<\/p>\n","protected":false},"author":1,"featured_media":0,"parent":0,"menu_order":0,"comment_status":"closed","ping_status":"closed","template":"page-vc.php","meta":{"footnotes":""},"class_list":["post-14104","page","type-page","status-publish","hentry"],"_links":{"self":[{"href":"https:\/\/beykozlurizeliler.org\/index.php?rest_route=\/wp\/v2\/pages\/14104","targetHints":{"allow":["GET"]}}],"collection":[{"href":"https:\/\/beykozlurizeliler.org\/index.php?rest_route=\/wp\/v2\/pages"}],"about":[{"href":"https:\/\/beykozlurizeliler.org\/index.php?rest_route=\/wp\/v2\/types\/page"}],"author":[{"embeddable":true,"href":"https:\/\/beykozlurizeliler.org\/index.php?rest_route=\/wp\/v2\/users\/1"}],"replies":[{"embeddable":true,"href":"https:\/\/beykozlurizeliler.org\/index.php?rest_route=%2Fwp%2Fv2%2Fcomments&post=14104"}],"version-history":[{"count":1,"href":"https:\/\/beykozlurizeliler.org\/index.php?rest_route=\/wp\/v2\/pages\/14104\/revisions"}],"predecessor-version":[{"id":14105,"href":"https:\/\/beykozlurizeliler.org\/index.php?rest_route=\/wp\/v2\/pages\/14104\/revisions\/14105"}],"wp:attachment":[{"href":"https:\/\/beykozlurizeliler.org\/index.php?rest_route=%2Fwp%2Fv2%2Fmedia&parent=14104"}],"curies":[{"name":"wp","href":"https:\/\/api.w.org\/{rel}","templated":true}]}}